are the prime factors of 56124?
2, 3, 1559
What are the prime factors of 6524?
2, 7, 233
List the prime factors of 4754.
2, 2377
List the prime factors of 7777.
7, 11, 101
List the prime factors of 2159.
17, 127
List the prime factors of 3707.
11, 337
What are the prime factors of 41352?
2, 3, 1723
What are the prime factors of 1148?
2, 7, 41
What are the prime factors of 1100?
2, 5, 11
What are the prime factors of 5292?
2, 3, 7
List the prime factors of 827.
827
What are the prime factors of 3011?
3011
List the prime factors of 1108.
2, 277
List the prime factors of 41073.
3, 13691
What are the prime factors of 21664?
2, 677
What are the prime factors of 59210?
2, 5, 31, 191
What are the prime factors of 27336?
2, 3, 17, 67
What are the prime factors of 1747?
1747
List the prime factors of 26109.
3, 967
What are the prime factors of 2921?
23, 127
What are the prime factors of 87231?
3, 29077
What are the prime factors of 856?
2, 107
List the prime factors of 31624.
2, 59, 67
What are the prime factors of 384?
2, 3
What are the prime factors of 1119?
3, 373
What are the prime factors of 6814?
2, 3407
List the prime factors of 5522.
2, 11, 251
List the prime factors of 107549.
13, 8273
What are the prime factors of 3942?
2, 3, 73
List the prime factors of 4122.
2, 3, 229
What are the prime factors of 4217?
4217
List the prime factors of 1916.
2, 479
List the prime factors of 6772.
2, 1693
List the prime factors of 2605.
5, 521
List the prime factors of 1017.
3, 113
List the prime factors of 2872.
2, 359
What are the prime factors of 4348?
2, 1087
List the prime factors of 5242.
2, 2621
List the prime factors of 60.
2, 3, 5
What are the prime factors of 3506?
2, 1753
What are the prime factors of 971?
971
What are the prime factors of 445?
5, 89
List the prime factors of 3499.
3499
What are the prime factors of 33797?
33797
List the prime factors of 6594.
2, 3, 7, 157
List the prime factors of 14666.
2, 7333
What are the prime factors of 72160?
2, 5, 11, 41
What are the prime factors of 12077?
13, 929
List the prime factors of 24084.
2, 3, 223
What are the prime factors of 1149?
3, 383
List the prime factors of 618.
2, 3, 103
List the prime factors of 10501.
10501
List the prime factors of 19075.
5, 7, 109
List the prime factors of 1305.
3, 5, 29
List the prime factors of 14057.
14057
What are the prime factors of 2383?
2383
List the prime factors of 6679.
6679
What are the prime factors of 978?
2, 3, 163
List the prime factors of 6842.
2, 11, 311
List the prime factors of 60122.
2, 23, 1307
What are the prime factors of 15536?
2, 971
List the prime factors of 3793.
3793
What are the prime factors of 742?
2, 7, 53
What are the prime factors of 1274?
2, 7, 13
List the prime factors of 401.
401
List the prime factors of 8506.
2, 4253
What are the prime factors of 3640?
2, 5, 7, 13
List the prime factors of 1024.
2
What are the prime factors of 14402?
2, 19, 379
List the prime factors of 6423.
3, 2141
List the prime factors of 1004.
2, 251
What are the prime factors of 89945?
5, 17989
List the prime factors of 1896.
2, 3, 79
What are the prime factors of 55460?
2, 5, 47, 59
What are the prime factors of 1533?
3, 7, 73
List the prime factors of 366.
2, 3, 61
List the prime factors of 5709.
3, 11, 173
List the prime factors of 14002.
2, 7001
List the prime factors of 2602.
2, 1301
List the prime factors of 27578.
2, 13789
What are the prime factors of 235?
5, 47
List the prime factors of 1040.
2, 5, 13
What are the prime factors of 62557?
11, 47
What are the prime factors of 127161?
3, 71, 199
What are the prime factors of 193880?
2, 5, 37, 131
What are the prime factors of 1283?
1283
What are the prime factors of 1120?
2, 5, 7
List the prime factors of 82651.
82651
What are the prime factors of 13557?
3, 4519
What are the prime factors of 469?
7, 67
What are the prime factors of 79486?
2, 11, 3613
What are the prime factors of 1824?
2, 3, 19
What are the prime factors of 29138?
2, 17, 857
What are the prime factors of 259?
7, 37
What are the prime factors of 53162?
2, 19, 1399
What are the prime factors of 9829?
9829
List the prime factors of 63346.
2, 19, 1667
List the prime factors of 8013.
3, 2671
What are the prime factors of 110525?
5, 4421
What are the prime factors of 1037?
17, 61
What are the prime factors of 47616?
2, 3, 31
What are the prime factors of 29267?
7, 37, 113
List the prime factors of 2397.
3, 17, 47
List the prime factors of 100.
2, 5
What are the prime factors of 122597?
122597
What are the prime factors of 1036?
2, 7, 37
What are the prime factors of 28274?
2, 67, 211
List the prime factors of 857.
857
List the prime factors of 1796.
2, 449
List the prime factors of 39873.
3, 13291
List the prime factors of 102.
2, 3, 17
What are the prime factors of 15968?
2, 499
List the prime factors of 885.
3, 5, 59
List the prime factors of 898.
2, 449
List the prime factors of 98.
2, 7
What are the prime factors of 19403?
19403
What are the prime factors of 1829?
31, 59
What are the prime factors of 201?
3, 67
What are the prime factors of 1277?
1277
What are the prime factors of 1878?
2, 3, 313
List the prime factors of 946.
2, 11, 43
List the prime factors of 2638.
2, 1319
What are the prime factors of 10428?
2, 3, 11, 79
List the prime factors of 1043.
7, 149
What are the prime factors of 3933?
3, 19, 23
List the prime factors of 15.
3, 5
List the prime factors of 2450.
2, 5, 7
What are the prime factors of 1541?
23, 67
What are the prime factors of 9527?
7, 1361
What are the prime factors of 8786?
2, 23, 191
What are the prime factors of 3649?
41, 89
List the prime factors of 738.
2, 3, 41
What are the prime factors of 1394?
2, 17, 41
What are the prime factors of 6126?
2, 3, 1021
List the prime factors of 1251.
3, 139
List the prime factors of 17826.
2, 3, 2971
List the prime factors of 63141.
3, 13, 1619
List the prime factors of 1796.
2, 449
List the prime factors of 80282.
2, 137, 293
What are the prime factors of 4388?
2, 1097
What are the prime factors of 1701?
3, 7
List the prime factors of 172408.
2, 23, 937
List the prime factors of 43574.
2, 21787
What are the prime factors of 3155?
5, 631
List the prime factors of 100791.
3, 3733
List the prime factors of 29319.
3, 29, 337
List the prime factors of 1297.
1297
List the prime factors of 419.
419
List the prime factors of 5340.
2, 3, 5, 89
List the prime factors of 251.
251
What are the prime factors of 603?
3, 67
What are the prime factors of 6479?
11, 19, 31
List the prime factors of 42462.
2, 3, 7, 337
List the prime factors of 604.
2, 151
What are the prime factors of 2368?
2, 37
What are the prime factors of 16568?
2, 19, 109
List the prime factors of 2481.
3, 827
List the prime factors of 20386.
2, 10193
What are the prime factors of 5544?
2, 3, 7, 11
What are the prime factors of 17141?
61, 281
List the prime factors of 120319.
120319
List the prime factors of 1300.
2, 5, 13
What are the prime factors of 2104?
2, 263
What are the prime factors of 57484?
2, 7, 2053
List the prime factors of 1548.
2, 3, 43
What are the prime factors of 15074?
2, 7537
List the prime factors of 25862.
2, 67, 193
What are the prime factors of 794?
2, 397
What are the prime factors of 3874?
2, 13, 149
What are the prime factors of 4079?
4079
What are the prime factors of 391?
17, 23
What are the prime factors of 199?
199
List the prime factors of 13282.
2, 29, 229
List the prime factors of 34744.
2, 43, 101
List the prime factors of 11822.
2, 23, 257
List the prime factors of 3268.
2, 19, 43
List the prime factors of 3446.
2, 1723
List the prime factors of 50151.
3, 73, 229
What are the prime factors of 1360?
2, 5, 17
List the prime factors of 2425.
5, 97
What are the prime factors of 1444?
2, 19
List the prime factors of 33774.
2, 3, 13, 433
List the prime factors of 31501.
17, 109
List the prime factors of 15410.
2, 5, 23, 67
List the prime factors of 403.
13, 31
What are the prime factors of 7225?
5, 17
What are the prime factors of 44957?
11, 61, 67
List the prime factors of 922.
2, 461
What are the prime factors of 301?
7, 43
List the prime factors of 835.
5, 167
What are the prime factors of 1545?
3, 5, 103
What are the prime factors of 2655?
3, 5, 59
List the prime factors of 1